{"id":1293,"date":"2014-02-07T00:24:32","date_gmt":"2014-02-07T00:24:32","guid":{"rendered":"http:\/\/www.infoproducto.com\/?page_id=2"},"modified":"2014-02-07T00:24:32","modified_gmt":"2014-02-07T00:24:32","slug":"nosotros","status":"publish","type":"page","link":"https:\/\/infoproducto.com\/?page_id=1293","title":{"rendered":"Nosotros"},"content":{"rendered":"<p>Bienvenidos a <strong>InfoProducto.com<\/strong>!<\/p>\n<p>En esta web, aprender\u00e1s todo lo relacionado con la Creaci\u00f3n de un Producto Digital de Informaci\u00f3n (infoproducto).<\/p>\n<p>&nbsp;<\/p>\n<p>&nbsp;<\/p>\n<p>&nbsp;<\/p>\n<p>&nbsp;<\/p>\n<p>.<\/p>\n","protected":false},"excerpt":{"rendered":"<p>Bienvenidos a InfoProducto.com! En esta web, aprender\u00e1s todo lo relacionado con la Creaci\u00f3n de un Producto Digital de Informaci\u00f3n (infoproducto). &nbsp; &nbsp; &nbsp; &nbsp; .<\/p>\n","protected":false},"author":1,"featured_media":0,"parent":0,"menu_order":0,"comment_status":"open","ping_status":"open","template":"template-sidebar.php","meta":{"footnotes":""},"class_list":["post-1293","page","type-page","status-publish","hentry"],"_links":{"self":[{"href":"https:\/\/infoproducto.com\/index.php?rest_route=\/wp\/v2\/pages\/1293","targetHints":{"allow":["GET"]}}],"collection":[{"href":"https:\/\/infoproducto.com\/index.php?rest_route=\/wp\/v2\/pages"}],"about":[{"href":"https:\/\/infoproducto.com\/index.php?rest_route=\/wp\/v2\/types\/page"}],"author":[{"embeddable":true,"href":"https:\/\/infoproducto.com\/index.php?rest_route=\/wp\/v2\/users\/1"}],"replies":[{"embeddable":true,"href":"https:\/\/infoproducto.com\/index.php?rest_route=%2Fwp%2Fv2%2Fcomments&post=1293"}],"version-history":[{"count":0,"href":"https:\/\/infoproducto.com\/index.php?rest_route=\/wp\/v2\/pages\/1293\/revisions"}],"wp:attachment":[{"href":"https:\/\/infoproducto.com\/index.php?rest_route=%2Fwp%2Fv2%2Fmedia&parent=1293"}],"curies":[{"name":"wp","href":"https:\/\/api.w.org\/{rel}","templated":true}]}}