{"id":9,"date":"2008-11-26T22:26:25","date_gmt":"2008-11-26T22:26:25","guid":{"rendered":"http:\/\/infoproductos.net\/?page_id=9"},"modified":"2008-11-26T22:26:25","modified_gmt":"2008-11-26T22:26:25","slug":"infoproductos","status":"publish","type":"page","link":"https:\/\/infoproducto.com\/?page_id=9","title":{"rendered":"InfoProductos?"},"content":{"rendered":"<h2><span style=\"text-decoration: underline;\"><strong>Qu\u00e9 son los InfoProductos?<\/strong><\/span><\/h2>\n<p>Los InfoProdutos son Productos Digitales de Informaci\u00f3n.<\/p>\n<p>Es decir, una colecci\u00f3n o conjunto de datos agrupados sobre un tema determinado, que se presentan en un formato digital; que por lo general es procesado mediante una computadora.<\/p>\n<h3><span style=\"text-decoration: underline;\">\u00bfQue Productos Digitales son InfoProductos?<\/span><\/h3>\n<p>Cualquiera que tenga informaci\u00f3n de utilidad y que pueda ser distribuida digitalmente. Lo que necesita es que sea informaci\u00f3n sobre un tema; el soporte puede ser variado.<\/p>\n<h3><span style=\"text-decoration: underline;\">\u00bfQue son los Soportes Digitales de los InfoProductos?<\/span><\/h3>\n<p>Son tanto archivos digitales de computadoras (pdfs, videos, sonidos, etc), como dispositivos de almacenamiento como cds, dvds, pendrives, etc.<\/p>\n<h3><span style=\"text-decoration: underline;\"><strong>\u00bfPor ejemplo, cuales ser\u00edan InfoProductos?<\/strong><\/span><\/h3>\n<ul>\n<li><strong><em>eBooks:<\/em><\/strong> Libros digitales, generalemtne en formato PDF de 25 a 150hojas. Por lo general son cursos muy completos sobre alg\u00fan tema en especial.<\/li>\n<li><strong><em>Informes\/Reportes:<\/em><\/strong> Son ebooks peque\u00f1os, de pocas hojas, que explican cosas muy espec\u00edficas sobre alg\u00fan tema o subtema. Se usan para regalar tras una suscripci\u00f3n.<\/li>\n<li><em><strong>Tutoriales:<\/strong><\/em> Son ebooks, con muchas im\u00e1genes que muestran paso a paso un determinado proceso.<\/li>\n<li><strong><em>Audio-Mp3s:<\/em><\/strong> Son grabaciones de sonidos, m\u00fasica y voz, sobre diferentes temas. Son muy conocidos algunos formatos especiales como los Podcast.<\/li>\n<li><strong><em>Videos:<\/em><\/strong> Son filmaciones en formato video -contiene im\u00e1genes y sonidos-, tanto de nuestra pantalla como de diferentes procesos o personas.<\/li>\n<li><strong><em>Video Tutoriales:<\/em><\/strong> Son similares a los Tutoriales, pero en este caso en vez de utilizar un ebok, se crean videos que muestran las cosas paso a paso.<\/li>\n<li><strong><em>Software:<\/em><\/strong> Son programas para Computadoras o M\u00f3viles, que resuelven determinados problemas.<\/li>\n<li><strong><em>Suscripciones VIPs:<\/em><\/strong> Tambi\u00e9n conocidas como Membresias.<\/li>\n<\/ul>\n<h3><span style=\"text-decoration: underline;\">\u00bfQu\u00e9 son los Derechos de Reventa? \u00bfQu\u00e9 otros derechos hay?<\/span><\/h3>\n<p>Los\u00a0 Productos Digitales -Infoproductos- pueden tener diferentes\u00a0 derechos, que son reglas, propiedades o restricciones para el uso, distribuci\u00f3n y\/o venta de los mismo.<\/p>\n<p>Vea: <a href=\"http:\/\/www.infoproductos.net\/derechos-en-infoproductos\/\" target=\"_blank\" rel=\"noopener\">http:\/\/www.infoproductos.net\/derechos-en-infoproductos\/<\/a><\/p>\n<h2>\u00bfD\u00f3nde Puedo Conseguir o Adquirir InfoProductos?<\/h2>\n<ul>\n<li><strong><a href=\"http:\/\/www.infoproductos.com\" target=\"_blank\" rel=\"noopener\">InfoProductos.com<\/a> (ebooks, software, plugins para wordpress, recursos, audos, videos, cursos, etc.)<\/strong><\/li>\n<li><a href=\"http:\/\/www.protectordeimagenes.com\" target=\"_blank\" rel=\"noopener\">ProtectorDeIm\u00e1genes.com<\/a> (Plguin WP para proteger las im\u00e1genes de tu blog)<\/li>\n<\/ul>\n","protected":false},"excerpt":{"rendered":"<p>Qu\u00e9 son los InfoProductos? Los InfoProdutos son Productos Digitales de Informaci\u00f3n. Es decir, una colecci\u00f3n o conjunto de datos agrupados sobre un tema determinado, que se presentan en un formato digital; que por lo general es procesado mediante una computadora. \u00bfQue Productos Digitales son InfoProductos? Cualquiera que tenga informaci\u00f3n de utilidad y que pueda ser [&hellip;]<\/p>\n","protected":false},"author":1,"featured_media":0,"parent":0,"menu_order":0,"comment_status":"open","ping_status":"open","template":"template-sidebar.php","meta":{"footnotes":""},"class_list":["post-9","page","type-page","status-publish","hentry"],"_links":{"self":[{"href":"https:\/\/infoproducto.com\/index.php?rest_route=\/wp\/v2\/pages\/9","targetHints":{"allow":["GET"]}}],"collection":[{"href":"https:\/\/infoproducto.com\/index.php?rest_route=\/wp\/v2\/pages"}],"about":[{"href":"https:\/\/infoproducto.com\/index.php?rest_route=\/wp\/v2\/types\/page"}],"author":[{"embeddable":true,"href":"https:\/\/infoproducto.com\/index.php?rest_route=\/wp\/v2\/users\/1"}],"replies":[{"embeddable":true,"href":"https:\/\/infoproducto.com\/index.php?rest_route=%2Fwp%2Fv2%2Fcomments&post=9"}],"version-history":[{"count":0,"href":"https:\/\/infoproducto.com\/index.php?rest_route=\/wp\/v2\/pages\/9\/revisions"}],"wp:attachment":[{"href":"https:\/\/infoproducto.com\/index.php?rest_route=%2Fwp%2Fv2%2Fmedia&parent=9"}],"curies":[{"name":"wp","href":"https:\/\/api.w.org\/{rel}","templated":true}]}}